eatest common factor of k and 7.
7
Let l be 2/(1 + (-1 - -1)). Let t = 1 - -2. Calculate the highest common divisor of t and l.
1
Let m be ((-2)/8)/((-1)/4). Let p be (-3)/m*(-16)/6. Calculate the greatest common divisor of p and 4.
4
Suppose 0 = 3*w - 6*w - 18. Let c(b) = b**2 + 5*b - 7. Let q be c(w). Let g be 3 - 1 - (-4 + q). What is the highest common divisor of g and 56?
7
Let i be -4 + (-68)/(-18) - (-148)/18. What is the greatest common factor of 40 and i?
8
Let s be 296/6*12/8. Let j = -44 + s. What is the highest common divisor of j and 5?
5
Let k = 48 - 41. Suppose -c + 0*l - 2*l + 1 = 0, -26 = -2*c + 4*l. Calculate the greatest common factor of k and c.
7
Let m(t) = -t**2 + 2*t + 17. Let v be m(5). Calculate the greatest common factor of v and 6.
2
Let g = 14 + -8. Suppose 0 = -6*m + 9*m - 72. What is the highest common factor of g and m?
6
Suppose -4*h + 16 = v, -2*v = -7*v + 5*h + 55. Calculate the highest common divisor of 48 and v.
12
Let o = 3 + -1. Suppose 0 = -4*l + o + 6. Suppose 2*r - 56 = -4*v, -3*r - 4*v + 34 = -l*r. What is the highest common divisor of 11 and r?
11
Let b(k) = 5*k - 2. Let o be b(3). Let p = -8 + o. Suppose -2*u + p*t + 160 = u, -u - 3*t + 30 = 0. Calculate the highest common factor of 15 and u.
15
Suppose -16 = -2*s + 3*x, 0 = s - 4*x + 4 - 2. Suppose k - s - 1 = 0. What is the greatest common factor of 5 and k?
5
Let s be -6 - (0 - 2 - 1). Let t be 0 - (s + 3) - -3. What is the greatest common divisor of 3 and t?
3
Let q = -97 + 176. Suppose -3*b - 2*b + 103 = t, -3*b = -t + q. What is the highest common factor of t and 8?
8
Let a be 21/2 - 3/2. Suppose 10 = p + f + 2, -3*p + 4*f + 17 = 0. Suppose 3*v = -2*d + p*v + 54, d - 5*v = 27. Calculate the highest common divisor of a and d.
9
Let d(c) = -53*c + 3. Let g be d(-1). Suppose 12 = 2*p - 4*v, 6 - 2 = 4*v. Calculate the highest common factor of p and g.
8
Let b be (-3)/(33/(-299)) + (-20)/110. Let p = -1 - -5. Suppose -p*m = -3*m - 4*x + 9, -2*m = x - 9. Calculate the highest common factor of m and b.
3
Let s = -9 + 14. Let g(h) = h - 61. Let y be g(0). Let c = -21 - y. What is the highest common divisor of c and s?
5
Suppose 5*w - 696 = 3*w. Calculate the highest common factor of w and 12.
12
Let c(g) = -g**2 - 4*g + 1. Let l be c(-5). Let f be (42/l)/(-1)*-6. Let s = f + 95. What is the highest common divisor of 48 and s?
16
Let h be 8*(-1 - -3) + 0. Let a = -55 + 582. Suppose a = 3*i + c, 3*c + 0*c + 3 = 0. What is the highest common divisor of i and h?
16
Suppose z - 71 - 143 = 2*x, -2*z - 4*x + 452 = 0. Suppose 4*i = 293 - 57. Let m = i + -39. Calculate the greatest common divisor of z and m.
20
Let o be -1 - 2/(2/(-3)). Suppose f + 135 = o*f. What is the greatest common factor of f and 15?
15
Suppose 0 = 3*l + 2*l - 4*y, 0 = l + 5*y - 29. Calculate the greatest common factor of 10 and l.
2
Suppose -3*h + 3 + 9 = 0. Suppose v - 30 = -h*b, -b - 28 = -3*v + 23. Calculate the highest common factor of 126 and v.
18
Let d = 7 + -3. Let s be (42/9 - d)*6. What is the greatest common factor of s and 4?
4
Let w = -13 + 19. Suppose -c = c - w. Calculate the greatest common divisor of 24 and c.
3
Suppose 4*u + 2 = -2. Let z be 2 - (u*2)/1. Suppose 0 = m - 0*m + 5*x + 8, -5*x = 2*m - z. What is the greatest common divisor of 18 and m?
6
Let h = -12 - -68. Suppose a - 5 = -2*z + 15, 2*a - 5*z = 13. Calculate the greatest common divisor of h and a.
14
Suppose -5*d + 3*d = -52. Suppose 4*h = 424 + 164. Let g = h + -82. Calculate the greatest common divisor of d and g.
13
Let r be (-5)/(-25) + 2/(-10). Suppose 4*t - 5 - 3 = r. Suppose -28 - 18 = -5*p - t*q, 0 = 2*p + 3*q - 25. Calculate the greatest common divisor of p and 32.
8
Let i = 36 - 21. Suppose -4*p + 2 - 14 = 4*t, -t - 5*p - i = 0. Let l(v) = -v**2 + 16. Let f be l(t). Calculate the greatest common factor of f and 16.
16
Suppose a + 83 = 3*z, -3*a - 5 = -2*a. Suppose 0 = -4*l + 10 + z. Let i be 30/(-25)*15/(-2). Calculate the highest common factor of l and i.
9
Let w(g) = -8*g + 1. Let f be w(-1). What is the greatest common factor of 9 and f?
9
Let u = -1 + 3. Let n = u - -1. Let y(r) = r + 21. Let f be y(0). Calculate the greatest common factor of n and f.
3
Suppose -x + 16 = x. Let t(o) = 4*o**2 + 6*o + 2. Let i be t(-5). Calculate the highest common factor of i and x.
8
Suppose -21*c = -6*c - 1050. What is the greatest common factor of 28 and c?
14
Let v(m) = -m**3 - 9*m**2 - 7*m + 13. Let k be v(-8). Let p = -6 + 41. What is the highest common factor of p and k?
5
Let i(p) = 8 + p**2 - 1 + 5*p - 2. Suppose -5*g = -2*x - 4 + 32, 5*g - x + 24 = 0. Let o be i(g). What is the greatest common divisor of 11 and o?
1
Let j be -1 - -1 - (-11)/(33/192). Suppose -3*q + 8*q + 25 = 0. Let f = q - -13. What is the highest common divisor of f and j?
8
Let w(s) = s + 22 + 2*s**2 - 2*s**2 + s**2. Let g be w(0). Let a = 4 - 2. What is the highest common divisor of a and g?
2
Let x be 4 + -1 - 0/2. Suppose -48 = -4*d + 5*a, -3*a = 2*d - 33 + 9. Let i be ((-14)/x)/(d/(-234)). Calculate the highest common divisor of i and 13.
13
Let j(l) = 9*l - 2*l + 4 - 4*l - l. Let z be j(8). Calculate the greatest common factor of 80 and z.
20
Let a = 16 + 26. Let n(q) = 34*q + 3. Suppose 2*u = 0, -4*h = -7*h + 2*u + 9. Let g be n(h). Calculate the highest common factor of a and g.
21
Let c(k) = 24*k**3 - k**2 + 4*k - 3. Let u be c(1). Calculate the highest common divisor of u and 12.
12
Let g = -10 + 24. Let y(r) = 2*r**3 - 8*r**2 + 4*r. Let b be y(5). Calculate the greatest common factor of g and b.
14
Let k(h) = h**2 - 5*h - 10. Let n be k(7). Let q be 36/(-8)*(-8)/6. What is the highest common divisor of q and n?
2
Suppose 2*d + 120 = 5*d. Let p be (135/(-18))/((-3)/24). What is the highest common divisor of p and d?
20
Suppose 3*k - 4*k - b = -10, -b = 2. Calculate the greatest common divisor of k and 120.
12
Let y be 77*(36/28 - 1). What is the highest common factor of y and 11?
11
Suppose 7*l - 2*l = 70. Let i = l + 14. What is the greatest common divisor of i and 42?
14
Let u(q) be the first derivative of 9/2*q**2 + 1 - 1/3*q**3 + 4*q. Let p be u(8). Calculate the highest common factor of p and 24.
12
Suppose w + 2*w - i = 12, 4*w = 3*i + 11. Let y(k) = -k**3 + 6*k**2 - 4*k - 5. Let t be y(w). Let p = t + 3. Calculate the greatest common factor of p and 21.
3
Suppose 0 = -0*q - 4*q + 64. Let f = q + -15. What is the highest common divisor of 3 and f?
1
Suppose 0 = 7*v - 6*v - 4. Suppose 3*t = 2*l - 9 - 3, -l + v*t + 6 = 0. Calculate the highest common divisor of 12 and l.
6
Let m(o) = -2 + 3 - 4 + 8*o. Let n be m(7). Suppose n - 143 = -5*s. What is the highest common factor of 45 and s?
9
Suppose 4*p - 145 = 35. Calculate the highest common divisor of 9 and p.
9
Suppose 4*l + 20 = 124. Let s be -1 - -16 - (-2)/(-1). What is the highest common factor of s and l?
13
Suppose 3 = 3*z + 4*m - 4, -2*m = z - 1. Let l = 9 - z. Suppose -l*p + 10 = -2*p. What is the greatest common divisor of p and 15?
5
Let h(x) = 2*x**2 + 3*x. Let v be h(-2). Let y be (-148)/(-18) + (-4)/18. Let d = y - v. What is the greatest common factor of 2 and d?
2
Let f be ((-23 - -4)/1)/(-1). Suppose -2*n = -3*n + f. What is the highest common factor of n and 38?
19
Let u = 30 - 0. What is the greatest common divisor of 75 and u?
15
Let t(r) = -r. Let a be t(-2). Let w = 16 - 15. What is the highest common divisor of w and a?
1
Suppose 25 = -3*f + 115. Suppose -3*v + 5*v = f. What is the highest common divisor of v and 3?
3
Suppose 177 = 5*h - 813. Calculate the greatest common divisor of h and 18.
18
Let r = 43 + -20. Let k(b) = -22*b + 7. Let m be k(-7). What is the greatest common factor of r and m?
23
Suppose 0 = 2*c + 1 + 1. Let l = 3 + c. Suppose -2*v = -l - 2. What is the highest common divisor of v and 10?
2
Suppose -5*j + 4*t = 1, 5*j - 4*t + 5 = t. Suppose -j*v + 217 = -23. Calculate the greatest common divisor of 32 and v.
16
Let x be (1/3)/(3/117). What is the highest common factor of x and 52?
13
Suppose -2*o + 1 = -19. Suppose 2*t - o = 2*v, -t + 0*t = -4*v - 5. Let f be (v - -1)/((-2)/(-22)). What is the greatest common divisor of f and 11?
11
Let c(j) = -j**3 + 7*j**2 + j - 8. Let i be c(7). Let t = i - -6. Suppose -44 = -w + 3*g, 6